{"id":15982,"date":"2026-01-22T13:52:24","date_gmt":"2026-01-22T12:52:24","guid":{"rendered":"https:\/\/www.laurofundazioa.eus\/events\/baltzolako-kobetara-ibilaldia\/"},"modified":"2026-01-23T16:29:24","modified_gmt":"2026-01-23T15:29:24","slug":"baltzolako-kobetara-ibilaldia","status":"publish","type":"mec-events","link":"https:\/\/www.laurofundazioa.eus\/es\/events\/baltzolako-kobetara-ibilaldia\/","title":{"rendered":"Excursi\u00f3n cuevas de Baltzola"},"content":{"rendered":"<p><strong>PARA NI\u00d1O Y NI\u00d1AS DE 4-5, EN FAMILIA<\/strong><\/p>\n<p><strong>CIRCULAR<\/strong>:\u00a0<a href=\"https:\/\/www.laurofundazioa.eus\/wp-content\/uploads\/2026\/01\/Baltzolako-irteera_cast.pdf\">Baltzolako irteera_cast<\/a><\/p>\n<p><strong>Programa:<\/strong><\/p>\n<p>12:00 Encuentro en el aparcamiento (Indusi). Bienvenida y breve explicaci\u00f3n de la jornada.<\/p>\n<p>12:10 Salida a pie hacia las cuevas: recorrido tranquilo con observaci\u00f3n de la naturaleza.<\/p>\n<p>12:30 Llegada al exterior de la cueva. Breve tiempo libre para observar el entorno y la boca de la cueva.<\/p>\n<p>12:40 Actividad en la cueva: historia o din\u00e1mica colectiva.<\/p>\n<p>13:10 Comida (bocadillo).<\/p>\n<p>13:40 Actividades: exploraci\u00f3n de galer\u00edas sencillas, observaci\u00f3n de estalactitas y estalagmitas, vida en las cuevas y v\u00ednculos con la mitolog\u00eda.<\/p>\n<p>14:10 Juego arqueol\u00f3gico-mitol\u00f3gico.<\/p>\n<p>14:30 Camino de regreso al aparcamiento.<\/p>\n<p>15:00 Llegada al aparcamiento, despedida y cierre.<\/p>\n<p>&nbsp;<\/p>\n","protected":false},"excerpt":{"rendered":"<p>PARA NI\u00d1O Y NI\u00d1AS DE 4-5, EN FAMILIA CIRCULAR:\u00a0Baltzolako irteera_cast Programa: 12:00 Encuentro en el aparcamiento (Indusi). Bienvenida y breve explicaci\u00f3n de la jornada. 12:10 Salida a pie hacia las cuevas: recorrido tranquilo con observaci\u00f3n de la naturaleza. 12:30 Llegada al exterior de la cueva. Breve tiempo libre para observar el entorno y la boca [&hellip;]<\/p>\n","protected":false},"author":2,"featured_media":0,"comment_status":"open","ping_status":"closed","template":"","tags":[],"mec_category":[117],"class_list":["post-15982","mec-events","type-mec-events","status-publish","hentry","mec_category-euskaraz"],"_links":{"self":[{"href":"https:\/\/www.laurofundazioa.eus\/es\/wp-json\/wp\/v2\/mec-events\/15982","targetHints":{"allow":["GET"]}}],"collection":[{"href":"https:\/\/www.laurofundazioa.eus\/es\/wp-json\/wp\/v2\/mec-events"}],"about":[{"href":"https:\/\/www.laurofundazioa.eus\/es\/wp-json\/wp\/v2\/types\/mec-events"}],"author":[{"embeddable":true,"href":"https:\/\/www.laurofundazioa.eus\/es\/wp-json\/wp\/v2\/users\/2"}],"replies":[{"embeddable":true,"href":"https:\/\/www.laurofundazioa.eus\/es\/wp-json\/wp\/v2\/comments?post=15982"}],"wp:attachment":[{"href":"https:\/\/www.laurofundazioa.eus\/es\/wp-json\/wp\/v2\/media?parent=15982"}],"wp:term":[{"taxonomy":"post_tag","embeddable":true,"href":"https:\/\/www.laurofundazioa.eus\/es\/wp-json\/wp\/v2\/tags?post=15982"},{"taxonomy":"mec_category","embeddable":true,"href":"https:\/\/www.laurofundazioa.eus\/es\/wp-json\/wp\/v2\/mec_category?post=15982"}],"curies":[{"name":"wp","href":"https:\/\/api.w.org\/{rel}","templated":true}]}}

Excursión cuevas de Baltzola

<p><strong>PARA NIÑO Y NIÑAS DE 4-5, EN FAMILIA</strong></p>
<p><strong>CIRCULAR</strong>: <a href="https://www.laurofundazioa.eus/wp-content/uploads/2026/01/Baltzolako-irteera_cast.pdf">Baltzolako irteera_cast</a></p>
<p><strong>Programa:</strong></p>
<p>12:00 Encuentro en el aparcamiento (Indusi). Bienvenida y breve explicación de la jornada.</p>
<p>12:10 Salida a pie hacia las cuevas: recorrido tranquilo con observación de la naturaleza.</p>
<p>12:30 Llegada al exterior de la cueva. Breve tiempo libre para observar el entorno y la boca de la cueva.</p>
<p>12:40 Actividad en la cueva: historia o dinámica colectiva.</p>
<p>13:10 Comida (bocadillo).</p>
<p>13:40 Actividades: exploración de galerías sencillas, observación de estalactitas y estalagmitas, vida en las cuevas y vínculos con la mitología.</p>
<p>14:10 Juego arqueológico-mitológico.</p>
<p>14:30 Camino de regreso al aparcamiento.</p>
<p>15:00 Llegada al aparcamiento, despedida y cierre.</p>
<p>&nbsp;</p>

<p>PARA NIÑO Y NIÑAS DE 4-5, EN FAMILIA CIRCULAR: Baltzolako irteera_cast Programa: 12:00 Encuentro en el aparcamiento (Indusi). Bienvenida y breve explicación de la jornada. 12:10 Salida a pie hacia las cuevas: recorrido tranquilo con observación de la naturaleza. 12:30 Llegada al exterior de la cueva. Breve tiempo libre para observar el entorno y la boca [&hellip;]</p>
