{"id":16182,"date":"2026-03-04T15:52:48","date_gmt":"2026-03-04T14:52:48","guid":{"rendered":"https:\/\/www.laurofundazioa.eus\/events\/baltzolako-kobetara-ibilaldia-201-231\/"},"modified":"2026-03-04T15:55:21","modified_gmt":"2026-03-04T14:55:21","slug":"baltzolako-kobetara-ibilaldia-201-231","status":"publish","type":"mec-events","link":"https:\/\/www.laurofundazioa.eus\/es\/events\/baltzolako-kobetara-ibilaldia-201-231\/","title":{"rendered":"Kontu artean"},"content":{"rendered":"<p><img loading=\"lazy\" decoding=\"async\" class=\"size-medium wp-image-16180 alignleft\" src=\"https:\/\/www.laurofundazioa.eus\/wp-content\/uploads\/2026\/03\/KONTU-ARTEAN-Post-300x300.jpg\" alt=\"\" width=\"300\" height=\"300\" srcset=\"https:\/\/www.laurofundazioa.eus\/wp-content\/uploads\/2026\/03\/KONTU-ARTEAN-Post-300x300.jpg 300w, https:\/\/www.laurofundazioa.eus\/wp-content\/uploads\/2026\/03\/KONTU-ARTEAN-Post-1024x1024.jpg 1024w, https:\/\/www.laurofundazioa.eus\/wp-content\/uploads\/2026\/03\/KONTU-ARTEAN-Post-150x150.jpg 150w, https:\/\/www.laurofundazioa.eus\/wp-content\/uploads\/2026\/03\/KONTU-ARTEAN-Post-768x768.jpg 768w, https:\/\/www.laurofundazioa.eus\/wp-content\/uploads\/2026\/03\/KONTU-ARTEAN-Post-500x500.jpg 500w, https:\/\/www.laurofundazioa.eus\/wp-content\/uploads\/2026\/03\/KONTU-ARTEAN-Post-600x600.jpg 600w, https:\/\/www.laurofundazioa.eus\/wp-content\/uploads\/2026\/03\/KONTU-ARTEAN-Post.jpg 1080w\" sizes=\"auto, (max-width: 300px) 100vw, 300px\" \/><\/p>\n<p>Desde Lauro Fundazioa, en sinton\u00eda con nuestros objetivos fundacionales, queremos invitaros a un cuentacuentos especial para que los ni\u00f1os y ni\u00f1as disfruten de la magia de los cuentos, fomentando el uso del euskera en el tiempo libre, reforzando el gusto por la lectura y reforzando los lazos intergeneracionales para reconocer las aportaciones y la experiencia de nuestros mayores.<\/p>\n<p>Esta sesi\u00f3n estar\u00e1 dividida en dos bloques:<\/p>\n<ol>\n<li><strong>Sesi\u00f3n de cuentacuentos<\/strong> utilizando tres t\u00e9cnicas diferentes para contar tres cuentos distintos. Esta sesi\u00f3n tendr\u00e1 dos objetivos:<\/li>\n<\/ol>\n<ul>\n<li>Entretener y cautivar a los ni\u00f1os y ni\u00f1as a trav\u00e9s del relato.<\/li>\n<li>Ofrecer a las familias ideas y recursos pr\u00e1cticos que puedan utilizar en casa.<\/li>\n<\/ul>\n<ol start=\"2\">\n<li><strong>Participaci\u00f3n de los <em>aitites <\/em>y <em>amamas<\/em><\/strong>: quienes lo deseen podr\u00e1n leer o contar un cuento para los ni\u00f1os y ni\u00f1as.<\/li>\n<\/ol>\n<p>Es importante subrayar que el idioma que utilizaremos en todo momento durante la actividad ser\u00e1 el <strong>euskera<\/strong>. Aun as\u00ed, cualquier persona puede asistir aunque no domine el idioma, ya que escuchar y trabajar el o\u00eddo tambi\u00e9n es una manera de aprender e interiorizar la lengua. Los cuentos narrados por las <em>amamas <\/em>y <em>aitites <\/em>deber\u00e1n ser en euskera.<\/p>\n<p>Por \u00faltimo, queremos recordar que <strong>esta actividad est\u00e1 abierta a cualquier interesado<\/strong>: adem\u00e1s de las familias de la Ikastola, tambi\u00e9n podr\u00e1n participar familiares, amigos, vecinos o cualquier persona interesada.<\/p>\n<p>&nbsp;<\/p>\n","protected":false},"excerpt":{"rendered":"<p>Desde Lauro Fundazioa, en sinton\u00eda con nuestros objetivos fundacionales, queremos invitaros a un cuentacuentos especial para que los ni\u00f1os y ni\u00f1as disfruten de la magia de los cuentos, fomentando el uso del euskera en el tiempo libre, reforzando el gusto por la lectura y reforzando los lazos intergeneracionales para reconocer las aportaciones y la experiencia [&hellip;]<\/p>\n","protected":false},"author":2,"featured_media":0,"comment_status":"open","ping_status":"closed","template":"","tags":[],"mec_category":[117],"class_list":["post-16182","mec-events","type-mec-events","status-publish","hentry","mec_category-euskaraz"],"_links":{"self":[{"href":"https:\/\/www.laurofundazioa.eus\/es\/wp-json\/wp\/v2\/mec-events\/16182","targetHints":{"allow":["GET"]}}],"collection":[{"href":"https:\/\/www.laurofundazioa.eus\/es\/wp-json\/wp\/v2\/mec-events"}],"about":[{"href":"https:\/\/www.laurofundazioa.eus\/es\/wp-json\/wp\/v2\/types\/mec-events"}],"author":[{"embeddable":true,"href":"https:\/\/www.laurofundazioa.eus\/es\/wp-json\/wp\/v2\/users\/2"}],"replies":[{"embeddable":true,"href":"https:\/\/www.laurofundazioa.eus\/es\/wp-json\/wp\/v2\/comments?post=16182"}],"wp:attachment":[{"href":"https:\/\/www.laurofundazioa.eus\/es\/wp-json\/wp\/v2\/media?parent=16182"}],"wp:term":[{"taxonomy":"post_tag","embeddable":true,"href":"https:\/\/www.laurofundazioa.eus\/es\/wp-json\/wp\/v2\/tags?post=16182"},{"taxonomy":"mec_category","embeddable":true,"href":"https:\/\/www.laurofundazioa.eus\/es\/wp-json\/wp\/v2\/mec_category?post=16182"}],"curies":[{"name":"wp","href":"https:\/\/api.w.org\/{rel}","templated":true}]}}

<p><img loading="lazy" decoding="async" class="size-medium wp-image-16180 alignleft" src="https://www.laurofundazioa.eus/wp-content/uploads/2026/03/KONTU-ARTEAN-Post-300x300.jpg" alt="" width="300" height="300" srcset="https://www.laurofundazioa.eus/wp-content/uploads/2026/03/KONTU-ARTEAN-Post-300x300.jpg 300w, https://www.laurofundazioa.eus/wp-content/uploads/2026/03/KONTU-ARTEAN-Post-1024x1024.jpg 1024w, https://www.laurofundazioa.eus/wp-content/uploads/2026/03/KONTU-ARTEAN-Post-150x150.jpg 150w, https://www.laurofundazioa.eus/wp-content/uploads/2026/03/KONTU-ARTEAN-Post-768x768.jpg 768w, https://www.laurofundazioa.eus/wp-content/uploads/2026/03/KONTU-ARTEAN-Post-500x500.jpg 500w, https://www.laurofundazioa.eus/wp-content/uploads/2026/03/KONTU-ARTEAN-Post-600x600.jpg 600w, https://www.laurofundazioa.eus/wp-content/uploads/2026/03/KONTU-ARTEAN-Post.jpg 1080w" sizes="auto, (max-width: 300px) 100vw, 300px" /></p>
<p>Desde Lauro Fundazioa, en sintonía con nuestros objetivos fundacionales, queremos invitaros a un cuentacuentos especial para que los niños y niñas disfruten de la magia de los cuentos, fomentando el uso del euskera en el tiempo libre, reforzando el gusto por la lectura y reforzando los lazos intergeneracionales para reconocer las aportaciones y la experiencia de nuestros mayores.</p>
<p>Esta sesión estará dividida en dos bloques:</p>
<ol>
<li><strong>Sesión de cuentacuentos</strong> utilizando tres técnicas diferentes para contar tres cuentos distintos. Esta sesión tendrá dos objetivos:</li>
</ol>
<ul>
<li>Entretener y cautivar a los niños y niñas a través del relato.</li>
<li>Ofrecer a las familias ideas y recursos prácticos que puedan utilizar en casa.</li>
</ul>
<ol start="2">
<li><strong>Participación de los <em>aitites </em>y <em>amamas</em></strong>: quienes lo deseen podrán leer o contar un cuento para los niños y niñas.</li>
</ol>
<p>Es importante subrayar que el idioma que utilizaremos en todo momento durante la actividad será el <strong>euskera</strong>. Aun así, cualquier persona puede asistir aunque no domine el idioma, ya que escuchar y trabajar el oído también es una manera de aprender e interiorizar la lengua. Los cuentos narrados por las <em>amamas </em>y <em>aitites </em>deberán ser en euskera.</p>
<p>Por último, queremos recordar que <strong>esta actividad está abierta a cualquier interesado</strong>: además de las familias de la Ikastola, también podrán participar familiares, amigos, vecinos o cualquier persona interesada.</p>
<p>&nbsp;</p>

<p>Desde Lauro Fundazioa, en sintonía con nuestros objetivos fundacionales, queremos invitaros a un cuentacuentos especial para que los niños y niñas disfruten de la magia de los cuentos, fomentando el uso del euskera en el tiempo libre, reforzando el gusto por la lectura y reforzando los lazos intergeneracionales para reconocer las aportaciones y la experiencia [&hellip;]</p>
