{"id":16260,"date":"2026-03-13T11:45:49","date_gmt":"2026-03-13T10:45:49","guid":{"rendered":"https:\/\/www.laurofundazioa.eus\/events\/baltzolako-kobetara-ibilaldia-201-231-684\/"},"modified":"2026-03-13T11:47:06","modified_gmt":"2026-03-13T10:47:06","slug":"baltzolako-kobetara-ibilaldia-201-231-684","status":"publish","type":"mec-events","link":"https:\/\/www.laurofundazioa.eus\/es\/events\/baltzolako-kobetara-ibilaldia-201-231-684\/","title":{"rendered":"Arrigunaga hondartzaren garbiketa"},"content":{"rendered":"<p><strong>D\u00cdA INTERNACIONAL DEL AGUA \u2013 JORNADA DE LIMPIEZA DE PLAYA<\/strong><br \/>\n<strong>Playa de Arrigunaga | 22 de marzo | 11:00 \u2013 13:00<\/strong><\/p>\n<p>Desde <strong>Lauro Fundazioa<\/strong> hemos organizado una jornada de recogida de residuos en la <strong>playa de Arrigunaga<\/strong> con motivo del <strong>D\u00eda Internacional del Agua, el 22 de marzo<\/strong>.<\/p>\n<p>Con esta iniciativa queremos fomentar el respeto por la naturaleza y, al mismo tiempo, impulsar el uso del euskera en el tiempo de ocio, uno de los objetivos principales de Lauro Fundazioa: crear oportunidades para vivir en euskera a trav\u00e9s de la cultura, las actividades sociales y la comunidad.<\/p>\n<p>La actividad tendr\u00e1 lugar de 11:00 a 13:00 en la playa de Arrigunaga. La participaci\u00f3n es totalmente voluntaria, y cada persona podr\u00e1 marcharse cuando lo considere.<\/p>\n<p>La actividad est\u00e1 abierta a todo el mundo, por lo que puede participar cualquier persona interesada: amigos, vecinos, familiares u otras personas que quieran sumarse.<\/p>\n<p>Queremos recordar que la actividad se desarrollar\u00e1 100% en euskera, y animamos a todos los participantes a utilizar el idioma durante la jornada. En caso de que no domines el euskera, tambi\u00e9n est\u00e1s invitado a venir y participar como Belarriprest. El objetivo es ofrecer a las familias una jornada de ocio productiva y en euskera.<\/p>\n<p>La Fundaci\u00f3n repartir\u00e1 material de limpieza y protecci\u00f3n. No obstante, en caso de que no haya suficiente para todos, recomendamos traer material desde casa, como, por ejemplo:<\/p>\n<ul>\n<li>guantes<\/li>\n<li>pinzas para recoger residuos<\/li>\n<\/ul>\n<p>Para inscribirte es necesario rellenar el siguiente formulario: <a href=\"https:\/\/forms.gle\/E98zXDTZYqMViedq8\">INSCRIPCI\u00d3N<\/a><\/p>\n<p>\u00a1Os animamos a participar y a venir a limpiar la playa de Arrigunaga con nosotros!<\/p>\n<p>&nbsp;<\/p>\n<p>&nbsp;<\/p>\n","protected":false},"excerpt":{"rendered":"<p>D\u00cdA INTERNACIONAL DEL AGUA \u2013 JORNADA DE LIMPIEZA DE PLAYA Playa de Arrigunaga | 22 de marzo | 11:00 \u2013 13:00 Desde Lauro Fundazioa hemos organizado una jornada de recogida de residuos en la playa de Arrigunaga con motivo del D\u00eda Internacional del Agua, el 22 de marzo. Con esta iniciativa queremos fomentar el respeto [&hellip;]<\/p>\n","protected":false},"author":2,"featured_media":16261,"comment_status":"open","ping_status":"closed","template":"","tags":[],"mec_category":[117],"class_list":["post-16260","mec-events","type-mec-events","status-publish","has-post-thumbnail","hentry","mec_category-euskaraz"],"_links":{"self":[{"href":"https:\/\/www.laurofundazioa.eus\/es\/wp-json\/wp\/v2\/mec-events\/16260","targetHints":{"allow":["GET"]}}],"collection":[{"href":"https:\/\/www.laurofundazioa.eus\/es\/wp-json\/wp\/v2\/mec-events"}],"about":[{"href":"https:\/\/www.laurofundazioa.eus\/es\/wp-json\/wp\/v2\/types\/mec-events"}],"author":[{"embeddable":true,"href":"https:\/\/www.laurofundazioa.eus\/es\/wp-json\/wp\/v2\/users\/2"}],"replies":[{"embeddable":true,"href":"https:\/\/www.laurofundazioa.eus\/es\/wp-json\/wp\/v2\/comments?post=16260"}],"wp:featuredmedia":[{"embeddable":true,"href":"https:\/\/www.laurofundazioa.eus\/es\/wp-json\/wp\/v2\/media\/16261"}],"wp:attachment":[{"href":"https:\/\/www.laurofundazioa.eus\/es\/wp-json\/wp\/v2\/media?parent=16260"}],"wp:term":[{"taxonomy":"post_tag","embeddable":true,"href":"https:\/\/www.laurofundazioa.eus\/es\/wp-json\/wp\/v2\/tags?post=16260"},{"taxonomy":"mec_category","embeddable":true,"href":"https:\/\/www.laurofundazioa.eus\/es\/wp-json\/wp\/v2\/mec_category?post=16260"}],"curies":[{"name":"wp","href":"https:\/\/api.w.org\/{rel}","templated":true}]}}

<p><strong>DÍA INTERNACIONAL DEL AGUA – JORNADA DE LIMPIEZA DE PLAYA</strong><br />
<strong>Playa de Arrigunaga | 22 de marzo | 11:00 – 13:00</strong></p>
<p>Desde <strong>Lauro Fundazioa</strong> hemos organizado una jornada de recogida de residuos en la <strong>playa de Arrigunaga</strong> con motivo del <strong>Día Internacional del Agua, el 22 de marzo</strong>.</p>
<p>Con esta iniciativa queremos fomentar el respeto por la naturaleza y, al mismo tiempo, impulsar el uso del euskera en el tiempo de ocio, uno de los objetivos principales de Lauro Fundazioa: crear oportunidades para vivir en euskera a través de la cultura, las actividades sociales y la comunidad.</p>
<p>La actividad tendrá lugar de 11:00 a 13:00 en la playa de Arrigunaga. La participación es totalmente voluntaria, y cada persona podrá marcharse cuando lo considere.</p>
<p>La actividad está abierta a todo el mundo, por lo que puede participar cualquier persona interesada: amigos, vecinos, familiares u otras personas que quieran sumarse.</p>
<p>Queremos recordar que la actividad se desarrollará 100% en euskera, y animamos a todos los participantes a utilizar el idioma durante la jornada. En caso de que no domines el euskera, también estás invitado a venir y participar como Belarriprest. El objetivo es ofrecer a las familias una jornada de ocio productiva y en euskera.</p>
<p>La Fundación repartirá material de limpieza y protección. No obstante, en caso de que no haya suficiente para todos, recomendamos traer material desde casa, como, por ejemplo:</p>
<ul>
<li>guantes</li>
<li>pinzas para recoger residuos</li>
</ul>
<p>Para inscribirte es necesario rellenar el siguiente formulario: <a href="https://forms.gle/E98zXDTZYqMViedq8">INSCRIPCIÓN</a></p>
<p>¡Os animamos a participar y a venir a limpiar la playa de Arrigunaga con nosotros!</p>
<p>&nbsp;</p>
<p>&nbsp;</p>

<p>DÍA INTERNACIONAL DEL AGUA – JORNADA DE LIMPIEZA DE PLAYA Playa de Arrigunaga | 22 de marzo | 11:00 – 13:00 Desde Lauro Fundazioa hemos organizado una jornada de recogida de residuos en la playa de Arrigunaga con motivo del Día Internacional del Agua, el 22 de marzo. Con esta iniciativa queremos fomentar el respeto [&hellip;]</p>
